alse
Is 67007 composite?
True
Is 51763 a prime number?
False
Is 332039 composite?
False
Is 7121 prime?
True
Is 30461 composite?
True
Is 52999 a composite number?
False
Is 261509 prime?
True
Is 234431 a prime number?
True
Is 489299 prime?
True
Is 666466 prime?
False
Is 301447 a prime number?
True
Is 8819 a composite number?
False
Is 66319 composite?
True
Is 264467 prime?
False
Is 34139 a prime number?
False
Is 648145 composite?
True
Is 4987501 a prime number?
True
Is 183659 prime?
False
Is 21874 composite?
True
Is 195581 a composite number?
False
Is 1629197 prime?
True
Is 22081 a composite number?
True
Is 48319 a composite number?
True
Is 256747 a composite number?
True
Is 208319 a prime number?
True
Is 1873769 a composite number?
False
Is 861963 a prime number?
False
Is 630055 prime?
False
Is 11411 a prime number?
True
Is 602299 prime?
False
Is 2227798 prime?
False
Is 57881 prime?
True
Is 530041 composite?
False
Is 457117 a composite number?
False
Is 38639 prime?
True
Is 107689 a composite number?
True
Is 62969 a composite number?
False
Is 49829 a composite number?
True
Is 20521 prime?
True
Is 690199 a composite number?
True
Is 220663 prime?
True
Is 1853 a prime number?
False
Is 1765871 a prime number?
False
Is 11539 a prime number?
False
Is 18013 prime?
True
Is 95163 a composite number?
True
Is 24487 a composite number?
True
Is 3943 a prime number?
True
Is 349463 a prime number?
False
Is 101431 composite?
True
Is 166541 composite?
False
Is 269447 prime?
False
Is 26801 prime?
True
Is 32987 a prime number?
True
Is 808819 prime?
False
Is 396911 a composite number?
True
Is 25559 a prime number?
False
Is 480835 prime?
False
Is 333257 a prime number?
False
Is 721741 composite?
True
Is 9851 composite?
False
Is 277759 a prime number?
False
Is 565207 a composite number?
False
Is 175339 prime?
False
Is 556649 a prime number?
False
Is 182627 a composite number?
False
Is 26711 composite?
False
Is 153407 composite?
False
Is 4751 composite?
False
Is 29897 prime?
False
Is 299 composite?
True
Is 19121 composite?
False
Is 2651 prime?
False
Is 60603 a prime number?
False
Is 1543 composite?
False
Is 5997 prime?
False
Is 52707 a prime number?
False
Is 178787 prime?
False
Is 11073 composite?
True
Is 293957 composite?
False
Is 695869 composite?
True
Is 2092963 composite?
False
Is 512797 prime?
True
Is 931774 a composite number?
True
Is 148569 prime?
False
Is 9439 a prime number?
True
Is 209611 prime?
False
Is 1610339 composite?
True
Is 111 composite?
True
Is 52091 prime?
False
Is 93731 composite?
True
Is 50741 composite?
False
Is 50311 a composite number?
False
Is 608461 a composite number?
True
Is 18514 prime?
False
Is 190133 a prime number?
False
Is 504269 a prime number?
True
Is 8419 prime?
True
Is 219353 prime?
True
Is 105349 a composite number?
True
Is 631543 prime?
False
Is 68917 a composite number?
False
Is 201397 composite?
True
Is 395511 a prime number?
False
Is 30983 a composite number?
False
Is 37577 prime?
False
Is 412147 prime?
True
Is 130495 a composite number?
True
Is 4971 prime?
False
Is 359549 a composite number?
False
Is 16787 a composite number?
False
Is 669311 prime?
True
Is 266171 composite?
True
Is 48742 a composite number?
True
Is 1371937 composite?
True
Is 50231 a prime number?
True
Is 974359 composite?
False
Is 389357 prime?
True
Is 240319 composite?
False
Is 1552103 composite?
True
Is 31607 a composite number?
False
Is 21001 a prime number?
True
Is 113053 composite?
True
Is 47221 prime?
True
Is 32869 prime?
True
Is 372703 composite?
True
Is 3271 prime?
True
Is 2055191 prime?
True
Is 393059 a prime number?
True
Is 1131731 prime?
False
Is 7507 prime?
True
Is 572867 a composite number?
False
Is 46297 a prime number?
False
Is 4783 composite?
False
Is 70519 prime?
False
Is 62367 composite?
True
Is 12071 a prime number?
True
Is 16561 a prime number?
True
Is 41461 a prime number?
False
Is 14699 prime?
True
Is 32871 prime?
False
Is 6801 a composite number?
True
Is 29411 a prime number?
True
Is 132917 a composite number?
True
Is 4145 a prime number?
False
Is 252907 prime?
False
Is 673549 composite?
False
Is 124277 prime?
True
Is 1116539 prime?
False
Is 108791 prime?
True
Is 118153 a prime number?
False
Is 125863 composite?
False
Is 5087 prime?
True
Is 89959 prime?
True
Is 37 a composite number?
False
Is 671563 prime?
False
Is 11287 composite?
False
Is 4737 prime?
False
Is 2911 composite?
True
Is 40783 composite?
True
Is 172489 prime?
True
Is 4481 prime?
True
Is 38941 a prime number?
False
Is 12115 prime?
False
Is 114547 a prime number?
True
Is 3865 a prime number?
False
Is 19301 a composite number?
False
Is 7571 a prime number?
False
Is 1065763 composite?
False
Is 4265 prime?
False
Is 591499 composite?
False
Is 18637 a composite number?
False
Is 51751 a composite number?
True
Is 3299 prime?
True
Is 49091 composite?
True
Is 1898417 a composite number?
False
Is 563207 prime?
False
Is 155573 composite?
True
Is 69 prime?
False
Is 1592609 prime?
True
Is 1632647 a composite number?
False
Is 100865 a composite number?
True
Is 201913 a composite number?
True
Is 24691 composite?
False
Is 82281 prime?
False
Is 479507 prime?
False
Is 5227 composite?
False
Is 11777 a composite number?
False
Is 102803 prime?
False
Is 11335 a composite number?
True
Is 620338 a prime number?
False
Is 5987 prime?
True
Is 5501 a composite number?
False
Is 71569 a composite number?
False
Is 18703 a composite number?
True
Is 863903 a prime number?
False
Is 23354 a prime number?
False
Is 4861 composite?
False
Is 6334 composite?
True
Is 1112465 a composite number?
True
Is 13154 a composite number?
True
Is 86011 a composite number?
False
Is 1720085 prime?
False
Is 30377 prime?
False
Is 36241 composite?
False
Is 83711 a composite number?
True
Is 35363 prime?
True
Is 23497 prime?
True
Is 1333821 prime?
False
Is 1645087 prime?
True
Is 1673 prime?
False
Is 103717 composite?
True
Is 1158383 prime?
True
Is 205391 a prime number?
True
Is 1399 a prime number?
True
Is 8999 prime?
True
Is 38861 composite?
False
Is 1867 a prime number?
True
Is 1914673 prime?
True
Is 2779 a prime number?
False
Is 165895 a prime number?
False
Is 75133 composite?
False
Is 386683 prime?
False
Is 155951 prime?
False
Is 1418759 prime?
True
Is 14969 a composite number?
False
Is 191783 prime?
True
Is 214691 a prime number?
True
Is 40417 a composite number?
True
Is 2479 a prime number?
False
Is 11821 prime?
True
Is 91706 composite?
True
Is 4096145 composite?
True
Is 12659 a prime number?
True
Is 210547 prime?
False
Is 71479 prime?
True
Is 743619 prime?
False
Is 399851 a composite number?
False
Is 4091 composite?
False
Is 106207 a prime number?
True
Is 1195265 a prime number?
False
Is 141073 prime?
True
Is 92551 a prime number?
True
Is 725579 a prime number?
True
Is 322333 a composite number?
True
Is 9491 a composite number?
False
Is 6209 composite?
True
Is 5471 a prime number?
True
Is 8251 composite?
True
Is 323 prime?
False
Is 9803 prime?
True
Is 304126 a prime number?
False
Is 17543 prime?
False
Is 4547 a composite number?
False
Is 51971 composite?
False
Is 1391 prime?
False
Is 36097 a composite number?
False
Is 25423 prime?
True
Is 5847 a composite number?
True
Is 219911 composite?
False
Is 748159 prime?
False
Is 6121 composite?
False
Is 18461 a composite number?
False
Is 91283 a prime number?
True
Is 36415 a composite number?
True
Is 764209 a prime number?
True
Is 27733 prime?
True
Is 407261 prime?
False
Is 38783 prime?
True
Is 14143 a composite number?
False
Is 2371 composite?
False
Is 178763 a composite number?
True
Is 1403057 composite?
False
Is 5721 a prime number?
False
Is 2958703 prime?
False
Is 45529 composite?
True
Is 395261 composite?
False
Is 90151 prime?
False
Is 4049 a prime number?
True
Is 681061 a composite number?
False
Is 5147 composite?
False
Is 3041 composite?
False
Is 606737 a composite number?
False
Is 71069 a prime number?
True
Is 5261 composite?
False
Is 33119 composite?
False
Is 103867 composite?
False
Is 66403 composite?
False
Is 92915 composite?
True
Is 946961 a prime number?
True
Is 10739 a prime number?
True
Is 83091 a prime number?
False
Is 51763 a composite number?
True
Is 205 prime?
False
Is 7113 a composite number?
True
Is 869434 a prime number?
False
Is 27533 prime?
False
Is 3989 p